ase 14) to base 2.
-1
-3 (base 10) to base 6
-3
What is -1 (base 4) in base 3?
-1
What is 11 (base 16) in base 5?
32
3 (base 4) to base 12
3
60 (base 10) to base 2
111100
Convert -201 (base 3) to base 6.
-31
What is 2 (base 11) in base 16?
2
What is 7 (base 13) in base 10?
7
Convert 80 (base 12) to base 16.
60
-137 (base 11) to base 16
-a1
What is 100 (base 11) in base 7?
232
What is 188 (base 10) in base 13?
116
Convert 3 (base 6) to base 13.
3
What is 25 (base 9) in base 8?
27
What is 2 (base 6) in base 7?
2
2 (base 8) to base 7
2
What is 1 (base 5) in base 7?
1
30 (base 5) to base 15
10
Convert -1111 (base 2) to base 14.
-11
0 (base 4) to base 7
0
-6 (base 15) to base 5
-11
-3 (base 16) to base 14
-3
114 (base 6) to base 16
2e
2320 (base 4) to base 14
d2
Convert -3 (base 13) to base 7.
-3
-320 (base 4) to base 11
-51
What is -1133 (base 4) in base 7?
-164
What is -4 (base 10) in base 13?
-4
What is 102 (base 6) in base 15?
28
-9 (base 13) to base 16
-9
186 (base 9) to base 11
135
-115 (base 9) to base 2
-1011111
What is 1 (base 5) in base 7?
1
Convert 1010 (base 2) to base 15.
a
64 (base 7) to base 3
1201
51 (base 9) to base 12
3a
Convert 1 (base 6) to base 4.
1
-333 (base 4) to base 3
-2100
111110 (base 2) to base 12
52
-41 (base 11) to base 3
-1200
What is -4 (base 8) in base 15?
-4
-14 (base 15) to base 9
-21
Convert 144 (base 8) to base 9.
121
143 (base 8) to base 16
63
What is 19 (base 11) in base 6?
32
Convert -37 (base 13) to base 8.
-56
Convert -11 (base 10) to base 12.
-b
Convert -14 (base 10) to base 8.
-16
What is 32 (base 9) in base 8?
35
14 (base 6) to base 11
a
Convert 6 (base 11) to base 4.
12
46 (base 9) to base 5
132
What is -21 (base 4) in base 6?
-13
Convert 226 (base 7) to base 9.
141
What is 20000 (base 3) in base 7?
321
1000011 (base 2) to base 8
103
10 (base 10) to base 5
20
-23 (base 11) to base 2
-11001
52 (base 9) to base 13
38
Convert 0 (base 14) to base 2.
0
What is -1 (base 13) in base 14?
-1
Convert 1 (base 2) to base 13.
1
0 (base 16) to base 4
0
-1412 (base 5) to base 15
-107
Convert 1000 (base 2) to base 4.
20
Convert 10 (base 11) to base 4.
23
-11 (base 5) to base 15
-6
Convert -16 (base 15) to base 13.
-18
1 (base 3) to base 11
1
-50 (base 13) to base 10
-65
15 (base 6) to base 2
1011
What is -120 (base 3) in base 13?
-12
Convert -3 (base 6) to base 7.
-3
Convert 1f (base 16) to base 15.
21
What is 0 (base 9) in base 16?
0
30 (base 9) to base 16
1b
What is 1 (base 16) in base 4?
1
What is 313 (base 5) in base 4?
1103
Convert 112 (base 5) to base 4.
200
-12 (base 11) to base 10
-13
Convert -131 (base 6) to base 8.
-67
Convert -4 (base 11) to base 16.
-4
What is -3 (base 9) in base 7?
-3
11 (base 6) to base 16
7
-1 (base 8) to base 5
-1
-11 (base 5) to base 6
-10
What is -23 (base 7) in base 8?
-21
What is -7 (base 9) in base 6?
-11
Convert 10 (base 3) to base 16.
3
Convert -153 (base 12) to base 14.
-10b
What is 46 (base 9) in base 6?
110
109 (base 10) to base 7
214
Convert 25 (base 11) to base 15.
1c
-19 (base 12) to base 3
-210
Convert -2 (base 3) to base 4.
-2
Convert -1 (base 9) to base 12.
-1
What is 7 (base 15) in base 7?
10
What is -25 (base 9) in base 8?
-27
Convert -1 (base 14) to base 3.
-1
Convert -24 (base 6) to base 14.
-12
What is -11 (base 5) in base 15?
-6
2 (base 7) to base 8
2
Convert -3 (base 8) to base 6.
-3
5 (base 8) to base 15
5
9 (base 10) to base 8
11
What is -2 (base 12) in base 9?
-2
-135 (base 11) to base 10
-159
Convert -1 (base 14) to base 9.
-1
Convert 131 (base 9) to base 11.
9a
What is 11110 (base 2) in base 3?
1010
Convert -4 (base 9) to base 8.
-4
What is 31 (base 13) in base 11?
37
13 (base 11) to base 14
10
-162 (base 7) to base 13
-72
Convert -3 (base 13) to base 8.
-3
Convert 6 (base 8) to base 6.
10
5 (base 16) to base 13
5
-10121 (base 3) to base 8
-141
What is -1 (base 8) in base 12?
-1
Convert 3 (base 15) to base 4.
3
Convert -1a (base 11) to base 2.
-10101
1 (base 3) to base 13
1
-1a (base 11) to base 16
-15
What is -16 (base 16) in base 12?
-1a
Convert 0 (base 3) to base 4.
0
What is -3c (base 15) in base 11?
-52
Convert 1 (base 6) to base 16.
1
301 (base 6) to base 13
85
Convert -4b (base 14) to base 2.
-1000011
Convert 3 (base 9) to base 16.
3
Convert 1102 (base 3) to base 7.
53
Convert -12 (base 11) to base 15.
-d
-12 (base 16) to base 10
-18
What is -80 (base 11) in base 13?
-6a
What is 6 (base 11) in base 8?
6
What is -112 (base 3) in base 15?
-e
What is 87 (base 9) in base 3?
2221
Convert 134 (base 8) to base 10.
92
Convert 1 (base 16) to base 2.
1
-51 (base 6) to base 2
-11111
What is -38 (base 11) in base 12?
-35
-7 (base 15) to base 14
-7
What is -10 (base 13) in base 10?
-13
222 (base 4) to base 13
33
10 (base 4) to base 5
4
Convert -3 (base 13) to base 3.
-10
31 (base 9) to base 12
24
Convert 311 (base 6) to base 14.
83
Convert -7 (base 8) to base 13.
-7
-8 (base 14) to base 11
-8
Convert 13 (base 16) to base 15.
14
-7 (base 11) to base 9
-7
-120 (base 5) to base 6
-55
2a (base 15) to base 3
1111
Convert e (base 15) to base 12.
12
What is -d (base 15) in base 16?
-d
What is -85 (base 11) in base 4?
-1131
What is 2 (base 14) in base 8?
2
Convert 1001 (base 3) to base 10.
28
What is -2 (base 6) in base 5?
-2
4 (base 14) to base 9
4
What is -142 (base 9) in base 7?
-230
What is -2 (base 5) in base 14?
-2
-101 (base 2) to base 9
-5
Convert 10 (base 12) to base 7.
15
Convert 73 (base 9) to base 12.
56
500 (base 6) to base 13
10b
22 (base 3) to base 10
8
Convert 16 (base 8) to base 16.
e
What is -c (base 13) in base 8?
-14
Convert 11 (base 2) to base 15.
3
What is 11 (base 5) in base 4?
12
-1 (base 14) to base 16
-1
Convert 133 (base 4) to base 6.
51
What is -14 (base 11) in base 13?
-12
Convert 12 (base 3) to base 15.
5
Convert 11 (base 3) to base 4.
10
Convert -3 (base 6) to base 3.
-10
a (base 15) to base 7
13
-124 (base 6) to base 2
-110100
-12 (base 16) to base 15
-13
3c (base 15) to base 9
63
What is -44 (base 16) in base 12?
-58
-1 (base 11) to base 4
-1
14 (base 7) to base 8
13
Convert -9 (base 13) to base 4.
-21
-5 (base 7) to base 5
-10
210 (base 3) to base 5
41
Convert 8 (base 10) to base 5.
13
What is 5 (base 13) in base 4?
11
Convert 200 (base 3) to base 15.
13
What is 171 (base 15) in base 7?
652
What is 7 (base 9) in base 11?
7
Convert 151 (base 7) to base 2.
1010101
-2101 (base 4) to base 11
-122
Convert 8 (base 11) to base 8.
10
What is 11111 (base 3) in base 15?
81
10010 (base 2) to base 6
30
What is 33 (base 7) in base 2?
11000
-301 (base 6) to base 4
-1231
What is -2 (base 7) in base 5?
-2
What is 18 (base 9) in base 14?
13
What is 1 (base 14) in base 16?
1
5 (base 14) to base 11
5
What is 34 (base 10) in base 6?
54
Convert 1 (base 16) to base 9.
1
-4 (base 9) to base 4
-10
Convert -101 (base 4) to base 10.
-17
What is 6 (base 7) in base 8?
6
Convert 85 (base 10) to base 7.
151
Convert -3 (base 9) to base 5.
-3
-65 (base 13) to base 11
-76
What is -8 (base 15) in base 13?
-8
Convert -50 (base 15) to base 10.
-75
330 (base 4) to base 10
60
Convert 101010 (base 2) to base 15.
2c
Convert -3 (base 6) to base 5.
-3
-60 (base 7) to base 6
-110
6 (base 14) to base 4
12
What is 1313 (base 5) in base 7?
415
-120 (base 5) to base 6
-55
77 (base 15) to base 16
70
What is -9 (base 14) in base 5?
-14
-10 (base 2) to base 13
-2
Convert -63 (base 7) to base 3.
-1200
-1000 (base 3) to base 2
-11011
-2 (base 15) to base 11
-2
10 (base 2) to base 7
2
Convert 5 (base 11) to base 7.
5
Convert -1 (base 16) to base 12.
-1
-3000 (base 4) to base 3
-21010
Convert 0 (base 14) to base 11.
0
-10 (base 5) to base 15
-5
What is 36 (base 8) in base 2?
11110
3 (base 6) to base 16
3
What is -6 (base 10) in base 12?
-6
What is 2 (base 11) in base 15?
2
What is -10 (base 3) in base 11?
-3
16 (base 10) to base 12
14
65 (base 13) to base 9
102
What is 1 (base 8) in base 13?
1
Convert 18 (base 9) to base 15.
12
Convert 20 (base 11) to base 5.
42
What is 0 (base 10) in base 11?
0
11 (base 6) to base 15
7
-2001 (base 3) to base 11
-50
-127 (base 9) to base 13
-82
What is 3 (base 4) in base 16?
3
Convert -4a (base 11) to base 12.
-46
Convert -3 (base 7) to base 5.
-3
What is -44 (base 6) in base 14?
-20
21 (base 3) to base 9
7
Convert -1010 (base 3) to base 9.
-33
-34 (bas